 a composite number?
False
Is 2710107097 prime?
True
Is 95213507 a prime number?
True
Is 784273907 composite?
False
Is 3656183567 a prime number?
False
Is 20659087451 a prime number?
False
Is 416639359 composite?
True
Is 77915999347 composite?
False
Is 6719533493 prime?
True
Is 1108825079 a composite number?
False
Is 5355405521 a prime number?
True
Is 610417097 prime?
True
Is 615216463 a composite number?
True
Is 52244977 a composite number?
True
Is 908710193 prime?
True
Is 3025166689 prime?
True
Is 6273416461 composite?
True
Is 3175499839 a prime number?
False
Is 54835527371 a prime number?
False
Is 48320102797 a prime number?
False
Is 3542527457 prime?
False
Is 161548629743 a composite number?
True
Is 1066745789 prime?
True
Is 396200617 prime?
True
Is 31933663 composite?
True
Is 32197307099 composite?
False
Is 415700869 a prime number?
True
Is 59446488503 a composite number?
False
Is 642259361 a composite number?
False
Is 115712980213 a prime number?
True
Is 797207483 a composite number?
False
Is 10669761299 prime?
False
Is 167116051 composite?
True
Is 2450306487 composite?
True
Is 1946329419 a prime number?
False
Is 3940217497 a composite number?
True
Is 5551733713 composite?
True
Is 282881279 composite?
True
Is 1430756503 prime?
False
Is 262161227 a prime number?
False
Is 1364338697 prime?
True
Is 7344133483 a prime number?
False
Is 1258051343 a composite number?
True
Is 182801845 prime?
False
Is 928892491 composite?
False
Is 4571035627 prime?
True
Is 1975460233 a composite number?
False
Is 669559439 a composite number?
False
Is 579819607 composite?
False
Is 7916324387 a composite number?
True
Is 224332729 prime?
False
Is 1997463299 a prime number?
False
Is 1275230633 prime?
True
Is 2660178691 a composite number?
True
Is 106297826 composite?
True
Is 175287043 composite?
False
Is 2321518513 prime?
True
Is 5866461157 prime?
False
Is 4698628505 composite?
True
Is 1243028497 prime?
True
Is 568230014389 a composite number?
False
Is 3918113663 a composite number?
False
Is 12848540659 prime?
True
Is 4358308531 a prime number?
True
Is 325540049 prime?
False
Is 2783121337 prime?
False
Is 45633981605 composite?
True
Is 14819678218 prime?
False
Is 1113706787 composite?
False
Is 2970925667 prime?
True
Is 274380863 prime?
False
Is 107785593241 a prime number?
True
Is 46596160417 prime?
True
Is 3148506401 a prime number?
False
Is 7809615433 composite?
True
Is 11316133 prime?
True
Is 128265249659 prime?
False
Is 8945570107 composite?
False
Is 34116354849 prime?
False
Is 5285804149 composite?
False
Is 34169413 prime?
True
Is 46534446913 prime?
True
Is 11484211 a composite number?
False
Is 42548731887 prime?
False
Is 155205157 a prime number?
False
Is 172702958057 a composite number?
True
Is 2726106595 prime?
False
Is 580154515 prime?
False
Is 2213118019 a prime number?
False
Is 93788818609 a prime number?
False
Is 33633737441 composite?
False
Is 51514993315 a prime number?
False
Is 3462275497 prime?
True
Is 14671999571 composite?
False
Is 658892147 a composite number?
False
Is 80350813 composite?
True
Is 400470979 prime?
True
Is 11275477505 composite?
True
Is 25754365633 a composite number?
False
Is 833396053317 a composite number?
True
Is 50299085777 a composite number?
False
Is 133036793 a prime number?
False
Is 3698770367 prime?
True
Is 47632342731 prime?
False
Is 34945078291 composite?
False
Is 2614000099 prime?
False
Is 101397197117 prime?
False
Is 8715475513 composite?
True
Is 11579906719 a prime number?
True
Is 143681197169 prime?
True
Is 28824202697 composite?
False
Is 2998853021 prime?
True
Is 323175569 prime?
True
Is 801746689 prime?
True
Is 22888053263 prime?
True
Is 11958173971 a composite number?
True
Is 1445995715 a prime number?
False
Is 115952717893 composite?
False
Is 235900863266 a composite number?
True
Is 2647823 a prime number?
False
Is 58413895739 composite?
True
Is 25305194751 a prime number?
False
Is 129301230913 prime?
True
Is 9681157543 a composite number?
False
Is 2633013379 a composite number?
False
Is 7648284337 composite?
True
Is 2569695797 prime?
False
Is 2802902279 a composite number?
True
Is 218118311 a prime number?
True
Is 57421897579 composite?
True
Is 74683127 a composite number?
False
Is 5521880587 prime?
False
Is 24459604369 a composite number?
True
Is 19387722643 composite?
False
Is 2218314331 a prime number?
False
Is 2285765941 a prime number?
True
Is 5859408757 composite?
True
Is 4271285383 prime?
False
Is 6057437 a prime number?
True
Is 79957772753 a prime number?
True
Is 3080268851 a prime number?
False
Is 87496773487 a prime number?
False
Is 24903718309 a composite number?
True
Is 3201751 composite?
True
Is 65095330009 prime?
True
Is 18025229269 a prime number?
True
Is 13418028731 a prime number?
False
Is 33037782539 composite?
False
Is 206410609 a composite number?
False
Is 52701172361 a composite number?
True
Is 1712132801 a composite number?
False
Is 3186335461 a prime number?
False
Is 350783651 a composite number?
True
Is 68261063 prime?
False
Is 18990594083 a composite number?
False
Is 893101877 a composite number?
False
Is 2001366109 composite?
True
Is 50168913677 prime?
True
Is 38354725787 composite?
True
Is 1208491103 composite?
True
Is 307514222 a composite number?
True
Is 46211955421 composite?
False
Is 7987616591 a composite number?
True
Is 100498153 a composite number?
True
Is 19738951 prime?
False
Is 7098610139 a composite number?
False
Is 377720101 composite?
True
Is 27617240771 prime?
True
Is 47350774027 composite?
True
Is 19912008694 a prime number?
False
Is 164093321 prime?
False
Is 53464571051 a prime number?
True
Is 3356997981 composite?
True
Is 1120947833 composite?
False
Is 116049391 prime?
True
Is 1293471191 composite?
False
Is 1117976549 a composite number?
True
Is 96290654561 a composite number?
True
Is 6072151207 prime?
True
Is 2013243577 a composite number?
True
Is 3105407083 a prime number?
False
Is 406972669 composite?
False
Is 33926879653 a prime number?
False
Is 308399281 prime?
True
Is 104241691861 composite?
False
Is 37198133213 a prime number?
True
Is 279682483 a prime number?
True
Is 6847004467 prime?
False
Is 2317112305 composite?
True
Is 2824815379 composite?
False
Is 764167819 composite?
False
Is 2443999243 prime?
False
Is 8814460073 composite?
False
Is 1103937383 a prime number?
True
Is 112234789559 a composite number?
False
Is 13293004471 prime?
False
Is 27384341971 composite?
True
Is 42631378409 a composite number?
False
Is 6361450681 a composite number?
False
Is 3406108843 composite?
False
Is 2254115533 prime?
False
Is 8956944695 a composite number?
True
Is 221252609 composite?
True
Is 3045525541 composite?
False
Is 354523493 prime?
True
Is 18191049701 composite?
True
Is 2206651003 composite?
False
Is 1241189233 a prime number?
False
Is 354985921 prime?
False
Is 44325330235 a prime number?
False
Is 9487027753 a composite number?
True
Is 100869487 prime?
False
Is 3082574647 prime?
False
Is 11256378719 a composite number?
False
Is 106390789 a prime number?
False
Is 3702538789 prime?
True
Is 437214911 prime?
False
Is 161576119 prime?
True
Is 22948169 prime?
True
Is 17599674877 a prime number?
True
Is 47823085717 prime?
False
Is 112947176627 composite?
False
Is 220162799 composite?
True
Is 3104583497 a composite number?
False
Is 50825207 a composite number?
True
Is 162221391173 prime?
False
Is 5658143617 composite?
True
Is 132338591797 composite?
False
Is 532231681 composite?
False
Is 50930903 prime?
False
Is 71213487274 composite?
True
Is 806303881 a composite number?
False
Is 81194942531 a prime number?
True
Is 38630060129 a composite number?
True
Is 214842371 a composite number?
False
Is 44046197 a composite number?
True
Is 3413584267 a prime number?
True
Is 161366423 a composite number?
False
Is 1473619093 composite?
True
Is 1051988281 a composite number?
False
Is 140850741 composite?
True
Is 10192930597 composite?
False
Is 100069841 a prime number?
False
Is 55663933361 a composite number?
False
Is 17899619 a prime number?
True
Is 174326801683 prime?
True
Is 46336387441 prime?
False
Is 3325991417 a prime number?
False
Is 17492283859 composite?
False
Is 31664308229 a composite number?
False
Is 276297095 prime?
False
Is 160308871442 a prime number?
False
Is 44455639 a